te the highest common factor of q and 252.
4
Let q(t) = -t**3 - 8*t**2 - 20*t - 92. Let y be q(-7). Let x be -23*((-7 - y) + 4). What is the greatest common divisor of 598 and x?
46
Suppose 0*k - 61 = -4*k - 5*u, 0 = 2*u - 2. Let h(i) = -i**2 + 16*i - 21. Let v be h(k). What is the greatest common factor of v and 7?
7
Suppose 0 = -46*f - 52 + 6400. What is the greatest common factor of 2530 and f?
46
Let r be -43*9*370/(-222). Calculate the greatest common divisor of r and 30.
15
Suppose 0 = -s + 4*s - 285. Suppose -18*y - 13 = -263 - 92. What is the greatest common divisor of s and y?
19
Let h be (-2081)/(-5) - (-5)/(-25). Suppose -23*j + 15*j = -h. Calculate the greatest common divisor of j and 39.
13
Suppose b = 3*x - 53 - 52, 4*x - 120 = -2*b. What is the highest common divisor of 121 and x?
11
Suppose -3*n = 4*k - 32913, 3*k + 3*n = -0*n + 24684. Calculate the highest common divisor of 211 and k.
211
Suppose 825 = -6*x + 11*x + 4*m, -3*m = x - 154. Calculate the greatest common factor of x and 1352.
169
Let n = -210687 + 210703. Let g(u) be the first derivative of -u**4/4 + u**3 + 2*u**2 + 4*u - 1. Let k be g(4). What is the greatest common divisor of k and n?
4
Let v(f) = -1. Let u(g) = -g + 3. Let i(q) = -u(q) - 6*v(q). Let d be i(9). Let h be 28/49*(-567)/(-18). What is the greatest common factor of d and h?
6
Suppose -402*q + 19621 + 37711 = 16328. Suppose 4*n - 12 = 2*n. Calculate the greatest common divisor of q and n.
6
Suppose -505*j + 628*j - 4059 = 0. Suppose 5*v + 3*c - c = 501, 4*v + 4*c = 408. What is the highest common divisor of v and j?
33
Let v(a) = a**2 - 10*a + 11. Let r be v(9). Suppose 0 = 5*u + 56*w - 54*w - 15, -u = r*w + 5. What is the greatest common divisor of u and 50?
5
Let u = 4173 + -3021. Calculate the highest common factor of 36 and u.
36
Let x = -1295 - -1431. What is the highest common divisor of x and 425?
17
Suppose -6*i = -i + 55. Let x = -1 - i. Let u be (3*-1 - (-1458)/216)*16/6. What is the greatest common factor of x and u?
10
Let l = 28 + -17. Let d = 1835 + -1362. Calculate the greatest common divisor of l and d.
11
Suppose 21*o = -7*o + 24752. Let z = o + -652. Calculate the highest common factor of 29 and z.
29
Suppose t - 905 = -5*o, 0 = 4*o + 112*t - 107*t - 703. What is the highest common factor of 1586 and o?
26
Let q be 4/3 + -17 + (-7332)/(-117). Calculate the greatest common factor of q and 5875.
47
Let o = -32 + 72. Let j(s) be the first derivative of s**4/4 + 6*s**3 + 11*s**2 + 40*s - 52. Let i be j(-16). Calculate the highest common divisor of o and i.
40
Suppose -325*g = -321*g - 12. Suppose 14*n + g*n = 782. Suppose 3*m - 5*p = 192, 5*p - 127 + 43 = -m. What is the greatest common divisor of n and m?
23
Let o be (192/14)/((-25)/(-175)). What is the greatest common divisor of 640 and o?
32
Let j be 0 + 6/(-21) + ((-485702)/(-49) - 1). Calculate the highest common divisor of j and 11.
11
Let t = -121 + 311. Let o = -162 + t. Calculate the greatest common divisor of o and 140.
28
Let w be -14*(-6)/12 + 1494. Suppose -5*u - 4*f + 407 = 0, 0 = -f - 0*f + 3. Calculate the greatest common divisor of u and w.
79
Suppose 13*m + 3003 = 1804 + 31879. What is the greatest common factor of m and 177?
59
Suppose -403 = -9*l - 214. Let f be (-720)/l*189/(-18). What is the highest common factor of 40 and f?
40
Let n(q) = q**2 - 9*q - 48. Let t(u) = 5. Let s(v) = -n(v) - 4*t(v). Let j be s(11). What is the greatest common factor of j and 12?
6
Let k(i) = -i**2 - 3*i + 6. Let q = -56 - -52. Let m be k(q). Suppose 72 = u + 5*g, -3*g = 4*u + m*g - 288. What is the greatest common factor of 8 and u?
8
Suppose 0 = 5*f - 7*f - 5*w + 181, 5*w = -9*f + 867. What is the highest common factor of f and 50?
2
Suppose 2*o - 5*o + 30 = 0. Suppose -4*u = -2*v - 14, -8*u + 3*v = -o*u + 27. Let m be 24 + (0 - 1) + 1. Calculate the highest common divisor of m and u.
6
Let a(q) = q**3 + q**2 - 936*q - 75. Let g be a(-31). Calculate the highest common factor of g and 3293.
37
Let x(n) = 3*n**2 - 96*n - 380. Let h be x(-4). Calculate the highest common divisor of 12 and h.
4
Suppose 18*r = 22140 + 39204. Calculate the highest common divisor of 336 and r.
48
Suppose -4*y = -4*z - 11228, 2*y - 5587 - 33 = 5*z. What is the highest common divisor of 55 and y?
55
Let x(q) = 77*q + 1751. Let t be x(-16). Calculate the highest common divisor of 692 and t.
173
Let v be ((-46)/(-16) + 9/72)*5. Suppose 0 = 3*x + v, 3*x = q - 0 - 48. Calculate the highest common divisor of 22 and q.
11
Let x(z) = z**2 - 20*z + 39. Let c be x(18). Let t be 1*c*((-30)/(-9) + 2). What is the highest common divisor of 48 and t?
16
Suppose -25*p = 14*p - 57*p + 14904. Calculate the highest common factor of 644 and p.
92
Let w(c) = 24*c**2 - 12*c - 36. Let y(l) = 2*l**2 - 28*l - 33. Let j be y(15). Let m be w(j). What is the highest common factor of 72 and m?
72
Let p be (12 + -13)/(1/((-24)/6)) + 1767. What is the highest common divisor of p and 1001?
77
Suppose -5*l + 10 + 0 = 0. Suppose -l*o + 3*t + 228 = 0, -o - t = -2*t - 116. Let d = -10 + o. Calculate the greatest common factor of 10 and d.
10
Let d = 194 - 124. Let f(h) = -h**3 + 8*h**2 - 4*h + 14. Let g be f(8). Let c be 4/(-6) - 516/g. What is the highest common factor of d and c?
14
Let o be 10 - (2 + 5) - -577. Let s = o - 525. Calculate the highest common divisor of s and 33.
11
Let h(f) = -f**3 - 4*f**2 + 37*f + 81. Let i be h(-8). What is the highest common factor of 6806 and i?
41
Suppose 0*n = 4*n - 0*n. Let k(f) = f**3 + 2*f**2. Let o be k(n). Suppose o = -24*x + 19*x + 60. Calculate the greatest common factor of x and 276.
12
Let p = 44 + -41. Suppose 2*t - p*g = 16, -3*g = -11 - 1. Let f be t/(-21) - (1 + (-8)/3). Calculate the greatest common divisor of f and 7.
1
Suppose -178 + 847 = 21*f - 1179. Suppose 5*i - 4 - 1 = 0, -d + 3*i = 1. Let l be (d/(-3))/((-5)/165). What is the greatest common divisor of f and l?
22
Suppose -2*t - 2*v + 10 = 0, -2*v = -4*t + 3*v - 7. Suppose 310 = -38*f + 48*f. Suppose 0 = -f*q + 88 - 26. What is the greatest common divisor of t and q?
2
Let x = -169 - -190. Let v be (-8 + 1)*324/(-126). Suppose -s - 3*u = 2*s - v, -3*s + 3*u = -24. Calculate the greatest common divisor of x and s.
7
Let m = -2050 - -2097. Calculate the greatest common divisor of m and 1.
1
Let n(t) = 51*t**3 - 2*t - 8*t**3 + t**2 + 0*t - 21*t**3 + 63*t**3. Let x be n(1). Calculate the highest common factor of x and 63.
21
Let i be (5 - 3)*21*((-136)/(-12) - 2). What is the greatest common factor of i and 56?
56
Let b = 3685 + -1045. What is the greatest common divisor of b and 30?
30
Let n = 16221 + -16220. Calculate the greatest common divisor of 67 and n.
1
Let n(i) = 3*i + 124. Let x be n(40). Let c = -232 + x. Calculate the highest common divisor of c and 228.
12
Let y(o) = -34*o. Let q be y(-3). Suppose -3952*v + 3951*v - 4*i = -38, -31 = -v + 3*i. What is the highest common factor of q and v?
34
Let o be -2*((5 - -2) + -21). Let p be (o/35)/((-8)/(-140)). What is the greatest common factor of 112 and p?
14
Let q = 37285 - 37222. Let f(j) = -j**2 + 3*j + 3. Let o be f(4). Let p be (-21)/((-1 - -2)*o). What is the highest common factor of p and q?
21
Suppose -10 = -2*o - 2*r, 5*o + 4*r - 7*r = -7. Let m be 31 - 1 - (7 - 3)/o. Calculate the highest common divisor of m and 91.
13
Suppose 953 = 6*d + 503. What is the greatest common divisor of d and 275?
25
Let f(p) = -9*p**2 - 15*p + 39. Let c(b) = -4*b**2 - 7*b + 19. Let k(l) = -7*c(l) + 3*f(l). Let d be k(-16). Calculate the highest common factor of d and 22.
22
Let b(p) = -145*p**2 - 37*p + 71*p**2 + 70*p**2 + 14 - 3. Let s be b(-9). Let f be 3 - (1 + -2 + -1). Calculate the highest common divisor of f and s.
5
Suppose -181*w - 59796 + 230298 = 0. Calculate the highest common factor of 6 and w.
6
Let q = -86 + 110. Suppose 9 - q = -5*n. Let d be (12 - -87)*((-2)/n)/(-2). What is the highest common factor of 231 and d?
33
Suppose -3*r + 12 + 3 = 0, 0 = -3*g + 3*r + 15. Let o be (-5 - 0) + 398 + -83. Calculate the highest common divisor of o and g.
10
Suppose -2*u + 0*u + 504 = 0. Let y be ((-48)/(-20))/(-2) - (9 - 17820/100). Calculate the highest common divisor of y and u.
84
Let l = -1620 + 3908. What is the highest commo